e the remainder when 127 is divided by k(s).
23
Suppose -3*x = -6, 0*x - 21074 = -3*b + 5*x. Let o = 3988 - b. What is the remainder when (-4)/6 + o/(-24) is divided by 32?
30
Let a = -4093 + 4116. What is the remainder when 2492 is divided by a?
8
Let j = -9426 - -9438. What is the remainder when 2589 is divided by j?
9
Let i = -5380 + 5504. What is the remainder when i is divided by 8?
4
Suppose 56*c = 73*c - 102. Let z = 9 + -7. Calculate the remainder when (1 - (-3 - z)) + 0 is divided by c.
0
Let x = 9445 + -9440. What is the remainder when 118 is divided by x?
3
Let d = 9 + 4. Suppose 0 = -2*p - 4*t + 18, 0 = -3*p + t + 3 + 24. Let a(s) = 5*s + 5. Calculate the remainder when a(p) is divided by d.
11
Suppose -2*y - 10*y + 5345 = -7*y. Calculate the remainder when y is divided by 214.
213
Let z = 5819 - 5553. Calculate the remainder when z is divided by 14.
0
Let p(n) = 4*n + 2. Let y = 6504 - 6502. Calculate the remainder when p(1) is divided by y.
0
Suppose 2*u + 5*q - 134 = 0, 2*u - 6*q - 152 = -2*q. What is the remainder when 152 is divided by u?
8
Let p = 28 + 10. Suppose 33*r = p*r - 525. Suppose 4*d + 57 + 3 = 5*g, -5*g - 5*d = -r. What is the remainder when 39 is divided by g?
7
Suppose 0 = -27*d - 16*d + 7611. Let w = d + -115. Let o(l) = 2*l + 5. What is the remainder when w is divided by o(6)?
11
Let p = -15 - -75. What is the remainder when p is divided by (-18 + 19)*(21 - -4)?
10
Let d = 14301 + -14283. Calculate the remainder when 4051 is divided by d.
1
Let r(t) be the first derivative of t**3/3 + 11*t**2/2 - t - 17. What is the remainder when r(8) is divided by 14?
11
Let o = 152 + -9. Calculate the remainder when o is divided by (-10)/15*(-64 + -7 - -14).
29
Let w = 21833 + -21818. Calculate the remainder when (-716)/(-6) + 2/(-6) is divided by w.
14
Let c(a) = a**3 - 10*a**2 - 338*a + 3. Calculate the remainder when 30100 is divided by c(-14).
30
Let m(h) = -h**3 - 56*h**2 + 170*h - 87. What is the remainder when m(-59) is divided by 60?
26
Suppose 5*w = y - 1062, 4*y + 0*w - 2*w = 4266. Suppose 0 = -4*d + 4*h + 844, -15*d = -10*d - h - y. What is the remainder when d is divided by 67?
13
Let g be 10/3 + 8/(-48)*2. What is the remainder when (-2)/g + 89/3 is divided by 10?
9
Let t(v) = -55*v + 19. Let g be t(-2). What is the remainder when ((-180)/14)/(g/(-1204)) is divided by 49?
22
What is the remainder when 265 is divided by (-88)/(-4) - (52 + -42)?
1
Let m(b) = b + 3. Let v be m(-12). Let y = 12 + v. Calculate the remainder when (4 - y/1)*27 is divided by 6.
3
Let v(t) = 5*t - 1. Suppose -513*g - 38*g = 160*g - 35550. Calculate the remainder when g is divided by v(4).
12
Let c(a) = 41*a - 27. Let x be c(11). Suppose 408 = 4*s + 5*y, 3*s - 5*y - x = -118. Calculate the remainder when s is divided by 5.
2
Suppose -2*o - 46 = -v, 3*v - v - o - 83 = 0. Let j(k) = -97*k - 145. Calculate the remainder when j(-3) is divided by v.
26
Let r = 5835 + -5805. Calculate the remainder when 195 is divided by r.
15
What is the remainder when (-4)/6 + (-4)/6 - 900146/(-1167) is divided by 143?
55
Let t(y) = -y**3 + 3*y**2 - 3*y + 1. Let v be t(2). Calculate the remainder when 3/(-7) - 58*(-25)/35 is divided by (v - 1)*(-55)/10.
8
Let s(x) = 15*x - 88. Let f be s(6). Suppose f*v + c = 0, -2*v - 5*c - 16 = -0*v. Calculate the remainder when 61 is divided by v.
1
Let n(o) = 16*o - 1637. Calculate the remainder when 167 is divided by n(103).
2
Suppose 11*z - 4*z - 798 = 0. Suppose 0 = 14*p - 8*p - z. Calculate the remainder when p is divided by -2 + 5 - -1*1.
3
Let h = 8329 + -8303. What is the remainder when 1608 is divided by h?
22
Suppose -332 = -4*h + 40. Let k(b) = 5*b**2 - 171 - 22*b + 91 - 6*b**2. Calculate the remainder when h is divided by k(-6).
13
Suppose 0 = -n - 6 + 26. Suppose 11*z + 4*i - 355 = -53, 0 = -z - i + 23. What is the remainder when z is divided by n?
10
What is the remainder when (520 - 685)/(2/(-6)) is divided by 485?
10
Let u(y) = -22*y + 1174. What is the remainder when u(23) is divided by 112?
108
Let p = 1 + 15. Let a = -16634 - -17127. What is the remainder when a is divided by p?
13
Let t(l) = 9*l - 12. Let d(k) = 13*k - 163. What is the remainder when t(5) is divided by d(14)?
14
Let m be (-4)/(-7) + 10/7. Let y(z) = 9*z**2 - 2*z - 1. What is the remainder when (2 - -2)/m + 210/6 is divided by y(-1)?
7
Suppose 0 = 26*f - 28*f + 30. What is the remainder when f is divided by (-30)/(-20)*(-12)/(-18)*5?
0
Suppose 5*k + 15 = 5*n, 3*n - 9 = 4*k - 0*n. Suppose -5*h = -k*h - 100. Let d = 3499 + -3322. What is the remainder when d is divided by h?
17
Suppose 801 = -4*f + 841. Suppose -3*h - 6923 = -f*h. Calculate the remainder when h is divided by 62.
59
Let k(h) = -6*h + 106. Let r(s) = 4*s - 33. Let p be r(5). Calculate the remainder when k(p) is divided by 27.
22
Let l be 5/(5/37) + (-1)/1. Calculate the remainder when 41 is divided by l/30*(-10)/3 + 16.
5
Calculate the remainder when 2977 is divided by (-6)/(-10)*4275/(-570)*(-284)/9.
137
Suppose -3*k = z - 0*k - 19, 0 = -4*z + 4*k + 44. Let b be (26 - 232) + 4/(-1). Let m = b - -216. What is the remainder when z is divided by m?
1
Suppose -12*v + 13*v = -12*v + 494. Let s = 7 + 6. Calculate the remainder when v is divided by s.
12
Let z(x) = -6*x - 4. Let i(u) = -42*u + 203. Let f be i(5). What is the remainder when 119 is divided by z(f)?
5
Let v = -3 + 7. Let j = 15 - v. Suppose 376 = 5*m - 3*n, 0 = -5*m - 42*n + 38*n + 362. What is the remainder when m is divided by j?
8
Suppose -19*v + 22*v = -b + 16, -5*b - 2*v = -28. Calculate the remainder when 134 is divided by b.
2
Suppose -4*z + 3*z + 2 = 0, -31*z = 2*c - 614. Calculate the remainder when c is divided by 27.
6
Suppose 0 = 29*h - 71*h + 882. Let s(m) = 12*m - 1. Calculate the remainder when s(4) is divided by h.
5
Let a(t) = t**3 + 11*t**2 - 34*t - 32. Let z be a(-13). Suppose -z = 369*y - 375*y. Calculate the remainder when 119 is divided by y.
11
Suppose 3*y = -565 - 134. Let z = 320 + y. What is the remainder when z is divided by 22?
21
Let n = 251 - 119. Let p = 263 - n. Suppose 4*g = -3*w - 24 + p, -5*w - g = -167. Calculate the remainder when w is divided by 17.
16
Let s(r) = -r**3 - 8*r**2 - 7*r + 10. Let j(p) be the first derivative of 5*p**2/2 + 9*p + 5. What is the remainder when j(12) is divided by s(-7)?
9
Let p be 20/6 + (-4)/12. Suppose -p*w + 9 = 66. Let d(n) = 2*n + 50. Calculate the remainder when 28 is divided by d(w).
4
Suppose -8*a - 104 = 24. Let n be (0/(4*(-4)/a))/(-2). Suppose 76 = 4*b - 3*r, n = 6*b - 5*b + 5*r - 19. What is the remainder when b is divided by 7?
5
What is the remainder when 887 is divided by 1/((-1958)/396 + 5)?
5
Let u(k) = 7*k**2. Let g be ((-4)/(-6))/(25540/(-2130) + 12). Suppose 51 = -4*w + g. Calculate the remainder when u(1) is divided by w.
2
Suppose -14*d - 1563 + 3089 = 0. What is the remainder when 309 is divided by d?
91
Suppose 3*c - 225 = -3*z + 7*c, 4*z = 3*c + 300. What is the remainder when z is divided by 40?
35
Let j(k) = -2*k**2 + 16*k - 53. Let o(m) = -m**2 + 8*m - 26. Let x(r) = 3*j(r) - 7*o(r). What is the remainder when x(6) is divided by 5?
1
Let b = -288 - -1471. What is the remainder when b is divided by 17?
10
Suppose 3*d + 46 = 4*w, -d + w - 4 = 10. Let u(o) = -2*o**2 - 28*o - 66. Calculate the remainder when 111 is divided by u(d).
13
Let t(p) = -2*p**2 + 67*p - 17. Let d be t(28). Suppose 0 = 4*r - 201 - d. What is the remainder when r is divided by 62?
61
Suppose 13*z - 4*z = 36. Suppose -z*x - 3*q + 132 = -7*x, -5*x - 234 = 2*q. Calculate the remainder when (-69)/x - (-134)/4 is divided by 19.
16
Suppose 54 = -5*u - 11. Let h = u - -74. Let l = 1259 - 1237. Calculate the remainder when h is divided by l.
17
Suppose 2*z - 3*u - 253 = 0, 0 = -64*z + 66*z + 5*u - 229. Calculate the remainder when z is divided by 16.
10
Let l = -4184 - -4198. What is the remainder when 11031 is divided by l?
13
Let f = 225 - 32. Suppose -5*l = x - f, -2*l - 5*x + 27 = -64. Suppose -l = -2*i - 5*g, 11*g + 20 = 2*i + 7*g. What is the remainder when 69 is divided by i?
13
Calculate the remainder when 12045/110*26/3 is divided by 17.
14
Suppose 207 = -0*h + 9*h. Let k = h + -18. Suppose -39 = k*v - 829. Calculate the remainder when v is divided 